)?
2, 193
Suppose -29*y + 32*y - 3783 = 0. Let p = y + -841. What are the prime factors of p?
2, 3, 5, 7
Let s = 37 + -27. Suppose -s = -3*c + 8*c. List the prime factors of 3*((-134)/3)/c.
67
Suppose -25 = -3*j - 5*g, -j + 0*g = g - 9. Let b = j - 6. What are the prime factors of b - (-21 - -2) - -4?
3
Suppose 19*n = 12*n - 4*h + 28708, 3*n = 5*h + 12337. What are the prime factors of n?
2, 3, 19
Suppose 0 = -14*b + 2241 + 8721. Suppose -3*v - 515 = -2*o, -5*o = -2*o - v - b. List the prime factors of o.
2, 131
Suppose 283*r + 4*d - 611 = 278*r, 3*r - 337 = 5*d. Suppose y - 26 = -t - 78, 0 = 3*t + 6. Let u = r + y. What are the prime factors of u?
3, 23
Let c(a) = -3 + 4*a**2 - 3*a + 3 - 5 - 2*a**3 - 8*a**2. What are the prime factors of c(-3)?
2, 11
Let k(t) = 2*t**3 + 151*t**2 - 215*t - 353. List the prime factors of k(-71).
13, 4637
Suppose -8*t - 208*l + 206*l = -102282, t - 12782 = 3*l. What are the prime factors of t?
5, 2557
Let m(k) = 6*k - 188. Let p be m(31). What are the prime factors of p/(-11) - 41185/(-55)?
7, 107
Let c = -6869 - -43372. List the prime factors of c.
173, 211
Suppose 142*j - 22*j = 785160. List the prime factors of j.
3, 727
Let t be 3 - ((-3 - 7) + -1604). Let q = -26 + 36. Suppose q*j + j - t = 0. List the prime factors of j.
3, 7
Suppose 2540 = 6*y - 2*y. Suppose 4*z = -11 - 1753. Let w = y + z. List the prime factors of w.
2, 97
Suppose 7 = 12*z - 65. Suppose 2*y + 28 = -z. Let d(p) = p**2 + 16*p - 1. List the prime factors of d(y).
2
Let f(x) = 43*x**2 - 12*x + 60. What are the prime factors of f(3)?
3, 137
Let z(l) = -l**3 - 10*l**2 + 6*l + 20. Let y be z(-10). Let f be (-1)/(-8) - 49675/y. Suppose -13*b + 4*b = -f. List the prime factors of b.
2, 3, 23
Let m(f) = -906*f + 226. What are the prime factors of m(-12)?
2, 31, 179
Let d = 20843 - 11458. List the prime factors of d.
5, 1877
Let o(m) = -2751*m - 25. Let g be o(-1). Let u = -1512 + g. What are the prime factors of u?
2, 607
Let y(m) = -24*m**2 - 1649*m**3 - 31*m + 2 + 1647*m**3 - 7. List the prime factors of y(-15).
2, 5, 181
Let s(z) be the first derivative of 4*z**3/3 - 2*z**2 + 56*z + 44. List the prime factors of s(9).
2, 43
Suppose 6 + 9 = 5*g. Suppose -g*j = 2*j + z - 85, 0 = j + 3*z - 3. Suppose -5*o - 3*x - x = -30, 2*x = -3*o + j. List the prime factors of o.
2, 3
Let m(a) = -30*a - 6. Let k be (4/10)/(1/(-15)). Let x be m(k). What are the prime factors of -2 + x + -5 + -3 + 0?
2, 41
Let h = 4602 - -4567. List the prime factors of h.
53, 173
Suppose 3*h = 3*s - 3 - 12, -h + 5*s + 7 = 0. Let z be 33/(24/20*(-10)/h). Suppose -4*w + z = -10. What are the prime factors of w?
2
Let u be 11276/(-14) + 114/266. Let y = u + 1496. What are the prime factors of y?
691
Let q(c) = 2*c**2 + 8*c + 11. Let n be q(-2). What are the prime factors of (-7)/(-28) + n/12*2459?
3, 5, 41
List the prime factors of ((-7866)/684)/(1315/(-1314) + 1).
3, 23, 73
Let n = 63 + -57. Suppose -1 - 1 = 2*t - h, -2*h = -5*t - n. What are the prime factors of (-1)/(t/(-4))*-32?
2
Let d(t) = 15*t**2 - 88*t - 1061. List the prime factors of d(-16).
53, 79
Suppose -o + 5*o = -204. Suppose -2*a - 9 = 33. Let u = a - o. List the prime factors of u.
2, 3, 5
Let a(w) = 3*w**3 - 16*w**2 + 7*w - 7. Let b be a(5). What are the prime factors of (-33 - -36)*619/b?
619
Let s(u) = 3*u**2 + u - 12. Let n be s(2). Suppose z - n*z + 91 = -d, -4*z - d = -349. List the prime factors of z.
2, 11
Suppose q - 877 - 382 = -2*w, -4*q + 5075 = -5*w. Suppose -q = -2*r + z + 432, 4*z + 2543 = 3*r. What are the prime factors of r?
3, 283
Suppose 0 = 143*u - 89*u - 81*u + 3888. What are the prime factors of u?
2, 3
Let p(m) = -1871*m + 46. Let d be p(-5). Suppose d = 24*s - 7*s. What are the prime factors of s?
7, 79
Let f(q) = -9*q + 47. Let z = -21 + -2. List the prime factors of f(z).
2, 127
Let n be 2*(8/32 + 30/(-8)). Let t be (2 - 436/n)*7. Suppose -20*s = -25*s + t. List the prime factors of s.
2, 3, 5
List the prime factors of (-5507120)/246*(-9)/4.
2, 3, 5, 23, 73
Let q(s) = -s**3 + 9*s**2 + 22*s + 4. Let f be q(11). Suppose -f*t = -3*t + l - 1097, -5*t = -2*l - 5506. What are the prime factors of t?
2, 5, 11
Suppose -4*h + 83899 = 3*h - 1571. List the prime factors of h.
2, 3, 5, 11, 37
Let t(u) = 26*u**3 - 15*u**2 - 51*u + 336. List the prime factors of t(9).
2, 3, 367
Let h be (-5)/(15/(-9992)) - (-23)/69. Suppose 4*i - 1 = 3, -i = -4*v + h. What are the prime factors of v?
7, 17
Let m(s) = -s**3 + 25*s**2 - 53*s + 1. Let d be m(18). What are the prime factors of 4/14 - d*(-8)/28?
2, 47
Let x = 1 + 1. Let s be x/1 + -2 - 655. List the prime factors of ((-5)/3)/(-2 - s/330).
2, 5, 11
Suppose 0 = -i - 2*u + 10318, -3*i + 29867 = -4*u - 1017. List the prime factors of i.
2, 7, 23
Suppose -5813 + 22206 = 5*i - 3*k, -5*i + 16385 = 5*k. What are the prime factors of i?
2, 11, 149
Let d = -3834 + 12136. What are the prime factors of d?
2, 7, 593
Let a be (15 + -13)*(-10)/(-2). List the prime factors of ((-4)/a)/((-60)/(-11175))*-10.
5, 149
Let q be 13206/(-8) - (-39)/52. What are the prime factors of (0 + 1)/(3*(-1)/q)?
2, 5, 11
List the prime factors of ((-380)/(-30) - 12)*534822/4 + 1.
2, 7, 6367
Let j(x) = -x**2 - 26*x - 157. Let a be j(-10). Suppose 0 = 9*z + a*z - 3744. List the prime factors of z.
2, 3, 13
Let b(o) = -3*o**3 + 23*o**2 + 10*o - 30. Let u(i) = -i**3 + 7*i**2 + 3*i - 10. Let d(t) = 2*b(t) - 7*u(t). What are the prime factors of d(5)?
5, 11
What are the prime factors of (((-24)/16)/((-66)/(-55)))/(2/(-11464))?
5, 1433
Let y(c) = 10*c**2 + 20*c + 71. Let s(d) = -2*d**2 - 4*d - 14. Let t(x) = -11*s(x) - 2*y(x). What are the prime factors of t(-4)?
2, 7
Let j = 77041 - 39848. What are the prime factors of j?
13, 2861
Let p(u) = 9*u**2 - 209*u - 54. List the prime factors of p(-24).
2, 3, 19, 89
Suppose -5*z + 977 = 2*c, 0*c - 4*z = 4*c - 1936. Let h = c + -184. What are the prime factors of h?
3, 11
What are the prime factors of 1185 + 75 - (0 + -5)?
5, 11, 23
Let s = 275 + -279. Let o(t) = 50*t**2 - 28*t - 107. What are the prime factors of o(s)?
5, 7, 23
Let s = 8634 - 4868. List the prime factors of s.
2, 7, 269
Let p be ((-3)/18*-3)/(11/13332). Let n = -558 + p. List the prime factors of n.
2, 3
Let t(r) = -2099*r + 593. List the prime factors of t(-12).
7, 29, 127
Suppose -5*s = -6 - 4. Suppose -s*l = l. Suppose -4*w + l*w = 2*g - 342, -96 = -w - 4*g. What are the prime factors of w?
2, 3, 7
Let j(b) = 16222*b + 298. List the prime factors of j(2).
2, 3, 17, 107
Let n(v) = 9*v - 5. Suppose -4*h = 2*h - 12. Suppose -6*i + j = -h*i - 49, -i + 14 = -2*j. What are the prime factors of n(i)?
103
Let t be -2 + 2152 + (0 - -1). Let c = -18791 - -18795. Suppose 5*p - t = -c*p. What are the prime factors of p?
239
Let x = -14608 + 21726. List the prime factors of x.
2, 3559
Let m(d) = -d**2 + 29*d - 25. Suppose 4*j - 39 = -p, -3*p - 41 = -5*j - 5. Let x be 4 + j + 0*1/(-3). List the prime factors of m(x).
3, 61
Suppose -i + 2*o = -1340, -10*i + 4*o = -5*i - 6700. List the prime factors of i.
2, 5, 67
Suppose -15*x + 4*x = 7843. Let q = -449 - x. List the prime factors of q.
2, 3, 11
Let d be ((-3)/4)/((-48)/256). Suppose -r = -7*j + 10*j - 310, -1214 = -d*r + j. What are the prime factors of r?
2, 19
Let d be 12/(((-37310)/(-9325) + -4)*5). Let t = -321 + d. What are the prime factors of t?
3, 71
Suppose 0 = -2*o - 2, -4*p + 0*p = -5*o + 23. Let s = p - -344. What are the prime factors of s?
337
Let o be (-10)/6 + 6/9. Let i(a) = -107*a**2 - 4*a - 3. Let r(g) = 108*g**2 + 3*g + 2. Let m(u) = 2*i(u) + 3*r(u). List the prime factors of m(o).
109
Suppose -2*l + 4*c = 174, l - 144 = 3*l + 2*c. Let f = l + 118. Suppose 10 + f = 3*j. What are the prime factors of j?
17
Let f = 27 + -17. Suppose f*a = -41 + 1. List the prime factors of (a + 3)/(3/(-198)).
2, 3, 11
Suppose -16*o + 5783 - 2020 = -9181. What are the prime factors of o?
809
Let u(q) = q**2 + 13*q - 17. Let t be u(-12). Let s = -44 - t. Let h(y) = -y**2 - 17*y + 6. What are the prime factors of h(s)?
2, 3
Let u(r) = -r**3 + 24*r**2 + 26*r - 16. Let o be u(25). Let j be -17 + 2/((-2)/3). Let z = o - j. List the prime factors of z.
29
Suppose -4*o = 4*c - 1844, 3*c + 2*o = 4*o + 1383. Let n = c + -340. What are the prime factors 